test common divisor of p and 575.
5
Let s = 8749 - 8660. Calculate the greatest common factor of s and 22072.
89
Let k = 12680 + -11084. What is the highest common factor of k and 1748?
76
Suppose -294*x + 8265 + 22471 = -68*x. What is the highest common divisor of 68 and x?
68
Let l(m) = -2*m**3 + 6*m**2 + 8*m + 2. Let z be l(4). Let w be z/((-2)/(-1))*(-51)/(-3). What is the greatest common factor of 1 and w?
1
Let z(d) = -d**2 - 8*d + 3. Let o be z(-8). Suppose 0*i - 4*k + 120 = 2*i, -9 = -o*k. Suppose 12 = j - i. Calculate the highest common factor of 44 and j.
22
Suppose -5*i = 5*h - 210, -176 = -4*h + 16*i - 18*i. Let y be 117/(-156) + h/8 + 1. Let o = -35 + 83. What is the highest common factor of o and y?
6
Let q = 85 - 60. Let v = 58253 + -58248. Calculate the highest common factor of q and v.
5
Let z be 8/(-12) + (-12166)/(-51) + 12/102. Calculate the greatest common factor of z and 68.
34
Suppose 0 = -51*q + 44*q + 17820 - 2231. Calculate the highest common divisor of 68 and q.
17
Let w(v) = -3*v**2 - 2*v + 32. Let c be w(5). Let f = c + 77. Calculate the highest common factor of f and 64.
8
Suppose -2*z = 4*m - 1864, 0 = -0*m - 5*m - 3*z + 2332. What is the highest common divisor of 48 and m?
16
Let n(v) = 1966*v**3 - 34*v**2 + 36*v - 3. Let t be n(1). What is the highest common factor of 1048 and t?
131
Suppose -17*r = -44*r + 53*r - 125060. What is the highest common divisor of r and 130?
130
Let t be (42/15 + -2)/(22/(-1100)*-5). Let w = -87 + 191. Calculate the greatest common factor of t and w.
8
Suppose 0 = -2*g + 4*r + 4, -3 = -g - 0*g + 3*r. Let l be (-15 - -30 - 17)*(-14 - g). Let z = 78 + -36. Calculate the highest common factor of l and z.
14
Let a be (1 + -15 - 1) + 1. Let w be (-37)/(-7) - (-4)/a. Suppose 336*s - 259*s - 3465 = 0. Calculate the greatest common factor of w and s.
5
Let g = -90157 - -90349. Let a(h) = 3*h. Let z be a(1). Calculate the highest common factor of g and z.
3
Suppose 0 = j - 3*b - 16, -2*j + 19 = b - 13. Let p be (2 - j/6)*-6. Suppose p*d - 31 - 1 = 3*s, 0 = 3*s + 12. Calculate the highest common divisor of d and 2.
1
Suppose 2*a = -3*g + 3, -5*g + 197*a = 164*a - 5. Let s(r) = 2*r**2 - 3*r - 3. Let y be s(-3). What is the highest common factor of y and g?
1
Suppose -81*g - 107 = z - 78*g, 4*z - 5*g = -343. Let k be (z + 5 + -2)/(-1). What is the greatest common divisor of k and 89?
89
Suppose 2152 = 8*r - 1088. Suppose -7*m = 190 + r. Let l = -53 - m. What is the highest common divisor of l and 16?
16
Let i = -1185 + 709. Let r = 485 + i. Calculate the greatest common factor of r and 333.
9
Let c = 1456 + -541. Suppose 9*z - c = 345. What is the greatest common factor of z and 14?
14
Let d(l) = 4*l**2 + 15*l + 10. Let g = -57 - -53. Let b be d(g). Let n(q) = q**2 - 12*q - 18. Let x be n(b). Calculate the greatest common factor of 20 and x.
10
Let j = 4466 + -4459. Let y(k) = -k**2 - 5*k + 2. Let x be y(-5). Suppose 0 = -q - x + 23. Calculate the greatest common divisor of q and j.
7
Let h = -1332 + 1408. What is the highest common factor of h and 3420?
76
Suppose -5*g + 5*v = -1575, -3*v + 5 = -7. Calculate the greatest common divisor of 203 and g.
29
Let i be (-66)/9 - 2/(-12)*-4. Let u(y) = y**3 + 9*y**2 + 7*y. Let m be u(i). What is the highest common factor of m and 320?
8
Suppose -5*t = -5*o - 350, 0 = 3*o - 0*o + 3. Suppose 5*c - p - p = 87, p = 4*c - t. Calculate the greatest common divisor of 1 and c.
1
Let a(u) = u**3 - 11*u**2 - 15*u - 17. Let d = -412 + 425. Let h be a(d). What is the highest common divisor of h and 147?
21
Let h = 68 + -64. Suppose r + 2*a - 186 = 0, 2*a + h = -2*a. Calculate the highest common divisor of r and 47.
47
Suppose 44*d - 44188 = -4*c + 46*d, -3*d = 3*c - 33114. What is the greatest common divisor of c and 11?
11
Let p be (-123)/(-41) + 12*10 + 1. Suppose -119 = -3*x - 5*o, -4*x + 11*o - 9*o + p = 0. Calculate the highest common divisor of x and 9.
3
Suppose -5*g - 4032 = -29*g. Let i = -105 + g. Calculate the highest common factor of i and 84.
21
Let s be -49*10/(-175)*5. Let h(l) = 3*l**2 + 32*l - 10. Let i be h(s). Calculate the greatest common divisor of 54 and i.
54
Suppose 16 = -6*x + 14*x. Let i = 13 + -9. Suppose -m - 2*f = -i*m + 27, x*f - 28 = -2*m. What is the highest common factor of 11 and m?
11
Let g(y) be the first derivative of -9*y**2/2 - 111*y + 230. Let b be g(-29). What is the greatest common factor of 120 and b?
30
Let u(y) = y**2 - 161*y - 887. Let o be u(168). Calculate the highest common factor of 1105 and o.
17
Suppose -3*k - 2*x + 73 = 0, 4*x = k + x - 6. Let q(j) = j + 12. Let b be q(-9). Let c = k - b. Calculate the highest common divisor of c and 18.
18
Suppose 882 = 9*h - 1908. Let o = 372 - h. Calculate the highest common factor of 62 and o.
62
Let b be 1/(0 - 5/(-47416)) + (-6198)/5165. Calculate the highest common factor of b and 22.
22
Let g(w) = -3*w**3 - w + 38. Let o be g(0). Calculate the highest common divisor of o and 21926.
38
Suppose 2*d + 5*k - 355 = 0, -167 = -3*d + 5*k + 403. Calculate the highest common factor of 1591 and d.
37
Let f = 7 + -5. Suppose -z - j + 74 = j, 5*z + f*j - 362 = 0. Let d = -9637 + 9646. What is the highest common divisor of z and d?
9
Let f be ((-4)/5)/(4/(-130)). Let g be f + 0 + (-1)/1. Let i be -20 + 323/19 + (0 - -20) + -2. What is the greatest common factor of g and i?
5
Let z(y) = -y**2 + 7*y - 3. Let w be z(6). Suppose 329 = w*d - 295. Suppose -44*r + 58*r - 364 = 0. What is the highest common factor of d and r?
26
Let l(v) = 27*v - 22. Let k(x) = -x**3 + 4*x**2 + 12*x - 33. Let f be k(5). Let m be l(f). What is the highest common factor of m and 288?
32
Suppose -3*c = -2*u - 347, 3*u + 131 + 102 = 2*c. Suppose 0 = 15*n - 13*n - 92. Calculate the highest common factor of n and c.
23
Suppose 742*u - 738*u - 3*h = 2099, 5*u + 3*h = 2644. Calculate the greatest common divisor of 682 and u.
31
Let g(h) = -17*h**2 + 4*h + 1. Suppose 7*s - 2 = 19. Let l be g(s). Let p = 170 + l. Calculate the greatest common divisor of 270 and p.
30
Suppose 4*s = 2*y + 1290, 5*s - 222*y + 221*y - 1614 = 0. Let k be 2/(-6) - (-52)/3. What is the highest common factor of s and k?
17
Let k(u) = -15*u + 9*u - 8 - 18. Let q be k(-5). What is the highest common divisor of 4 and q?
4
Let m(d) = 2*d**2 + 151*d + 491. Let a be m(-73). What is the highest common factor of a and 224?
14
Suppose -3*p + 239 = -4*d, -11*p = -12*p - 5*d + 105. Let k be 27 + (-2 - (-2 - 0)). Let b be (-18)/k + 208/6. Calculate the highest common factor of b and p.
17
Let i be (737/3 - -9)/(2 - 16/12). What is the greatest common divisor of i and 6?
2
Let z = 114 + -111. Let t(y) = -4*y + 34. Let g be t(z). Calculate the highest common divisor of 286 and g.
22
Suppose 5*l - 11 = -1. Suppose 5*f = p + 1, -l*p - p + 5*f = -47. Calculate the highest common divisor of p and 42.
6
Let f(k) = -63*k - 781. Let g be f(-19). Calculate the greatest common factor of 1742 and g.
26
Let y be (6 - 2)/4*0. Let f = y + -2. Let q = 34 + f. Calculate the highest common factor of q and 4.
4
Suppose a = 3*g - 120, 2*a = g + 5*a - 50. Let n = g - 6. Suppose 5*l - 76 - 99 = 0. What is the highest common factor of l and n?
35
Suppose -5*y = f + 49 - 108, -y = f - 79. Calculate the highest common factor of f and 111.
3
Suppose i - 1279 = 4*t - 1250, i = 5*t + 36. Let l = -5 + 24. Suppose 16 = 4*u + 4*a, -l = -4*u - 0*a - 5*a. Calculate the greatest common factor of u and i.
1
Suppose 0 = 2301*z - 2313*z + 672. Let l(q) = q**3 - 3*q**2 - 4*q - 6. Let y be l(5). What is the greatest common factor of z and y?
8
Let q(d) = 188*d**2 - 1092*d - 24. Let f be q(6). What is the highest common divisor of 1608 and f?
24
Let w(k) = 23304*k**2 + 361*k + 359. Let p be w(-1). What is the greatest common divisor of p and 122?
122
Let u be ((-42)/27)/((-102)/172584). Calculate the highest common divisor of u and 392.
56
Let w = 61 + 44. Suppose 0 = -2*z - f + 55, -4*z - 4*f = -f - w. Suppose 16 - 1 = s. What is the highest common divisor of s and z?
15
Let a = 310 + -310. Let w(q) = q**3 + q**2 + 329. Let k be w(a). What is the greatest common factor of k and 94?
47
Let j = 392 + -644. Let s be (-4)/14 + 6108/14. Let l = j + s. What is the highest common divisor of l a